 the greatest common divisor of 117 and 27.
9
Calculate the highest common factor of 110 and 2140.
10
What is the greatest common factor of 22 and 814?
22
Calculate the highest common divisor of 85 and 136.
17
Calculate the greatest common factor of 28 and 108.
4
Calculate the highest common divisor of 24 and 456.
24
What is the highest common factor of 92 and 32?
4
What is the greatest common factor of 12 and 12336?
12
Calculate the highest common factor of 39 and 9893.
13
Calculate the greatest common factor of 10419 and 92.
23
Calculate the greatest common factor of 44928 and 288.
288
Calculate the highest common divisor of 434 and 14.
14
What is the highest common factor of 72 and 102?
6
What is the highest common divisor of 22 and 187?
11
What is the greatest common divisor of 5 and 155?
5
What is the greatest common divisor of 112 and 144?
16
Calculate the greatest common divisor of 3 and 48.
3
Calculate the greatest common factor of 1495 and 7705.
115
Calculate the greatest common factor of 24 and 1296.
24
What is the highest common factor of 105 and 525?
105
What is the highest common factor of 2000 and 375?
125
What is the greatest common factor of 2142 and 102?
102
What is the highest common factor of 4375 and 175?
175
Calculate the greatest common factor of 832 and 256.
64
Calculate the greatest common factor of 23 and 2323.
23
What is the highest common factor of 15784 and 8?
8
What is the highest common divisor of 465 and 186?
93
What is the highest common divisor of 54 and 54?
54
Calculate the highest common divisor of 636 and 424.
212
Calculate the highest common factor of 18 and 1152.
18
What is the highest common factor of 38437 and 133?
133
What is the highest common divisor of 48 and 72?
24
Calculate the highest common factor of 54 and 24.
6
What is the greatest common factor of 48 and 19416?
24
Calculate the greatest common factor of 10535 and 1225.
245
Calculate the highest common factor of 116 and 2378.
58
Calculate the highest common factor of 549 and 3904.
61
What is the highest common divisor of 140 and 2380?
140
What is the greatest common factor of 78 and 702?
78
Calculate the greatest common factor of 16 and 43352.
8
What is the greatest common divisor of 22 and 5258?
22
Calculate the highest common factor of 286 and 26.
26
What is the greatest common factor of 5 and 450?
5
Calculate the highest common divisor of 3348 and 1302.
186
What is the highest common divisor of 4 and 172?
4
What is the highest common divisor of 230 and 80?
10
Calculate the highest common divisor of 182 and 78.
26
Calculate the highest common divisor of 35 and 140.
35
Calculate the highest common factor of 2923 and 111.
37
Calculate the highest common factor of 245 and 56.
7
What is the greatest common factor of 182 and 14?
14
What is the greatest common factor of 1 and 528?
1
Calculate the greatest common divisor of 150 and 330.
30
Calculate the highest common factor of 14 and 196.
14
Calculate the greatest common divisor of 112 and 1808.
16
Calculate the highest common factor of 15 and 192.
3
Calculate the highest common factor of 54 and 135.
27
Calculate the greatest common divisor of 3 and 2199.
3
Calculate the highest common factor of 55 and 935.
55
What is the highest common factor of 201 and 1273?
67
Calculate the highest common factor of 195 and 30.
15
Calculate the greatest common divisor of 144 and 297.
9
What is the greatest common divisor of 6227 and 13?
13
Calculate the greatest common factor of 45575 and 25.
25
What is the greatest common factor of 22 and 10593?
11
Calculate the highest common factor of 99 and 27.
9
Calculate the greatest common factor of 246 and 574.
82
Calculate the greatest common factor of 284 and 23146.
142
What is the highest common divisor of 55 and 385?
55
Calculate the highest common factor of 4140 and 1395.
45
Calculate the greatest common divisor of 87 and 551.
29
Calculate the greatest common divisor of 496 and 128.
16
What is the highest common factor of 92 and 100?
4
What is the highest common factor of 20 and 8780?
20
What is the highest common divisor of 364 and 1547?
91
What is the greatest common factor of 477 and 2968?
53
Calculate the highest common factor of 299 and 104.
13
What is the highest common factor of 63 and 3?
3
Calculate the greatest common factor of 64 and 5472.
32
Calculate the highest common divisor of 175 and 35.
35
What is the highest common factor of 513 and 54?
27
What is the greatest common divisor of 772 and 5597?
193
What is the greatest common factor of 4 and 3?
1
Calculate the greatest common factor of 2210 and 680.
170
What is the highest common divisor of 10 and 485?
5
What is the greatest common factor of 591 and 788?
197
Calculate the greatest common factor of 140 and 4540.
20
What is the highest common factor of 938 and 2?
2
Calculate the highest common factor of 22 and 21670.
22
Calculate the greatest common divisor of 854 and 14.
14
What is the highest common divisor of 1197 and 14?
7
Calculate the greatest common factor of 770 and 42.
14
Calculate the highest common divisor of 1300 and 364.
52
What is the highest common factor of 249 and 581?
83
What is the greatest common divisor of 12 and 474?
6
What is the greatest common factor of 48 and 4?
4
Calculate the greatest common factor of 15625 and 250.
125
What is the highest common factor of 20 and 124?
4
Calculate the highest common divisor of 1281 and 525.
21
What is the highest common factor of 30 and 8?
2
Calculate the greatest common divisor of 201 and 3.
3
What is the highest common divisor of 6612 and 120?
12
Calculate the highest common factor of 42 and 3878.
14
What is the greatest common divisor of 363 and 33?
33
What is the greatest common divisor of 8 and 200?
8
What is the greatest common divisor of 36 and 4608?
36
What is the highest common divisor of 32 and 1136?
16
Calculate the highest common factor of 6649 and 109.
109
What is the greatest common factor of 1055 and 1899?
211
Calculate the greatest common factor of 1116 and 144.
36
Calculate the highest common factor of 544 and 17.
17
Calculate the greatest common factor of 490 and 140.
70
Calculate the greatest common divisor of 50 and 4975.
25
Calculate the greatest common divisor of 156 and 264.
12
Calculate the highest common factor of 112 and 434.
14
What is the greatest common divisor of 36 and 438?
6
Calculate the highest common divisor of 40 and 70.
10
Calculate the greatest common factor of 1 and 4.
1
Calculate the greatest common divisor of 1396 and 20.
4
Calculate the greatest common factor of 532 and 3059.
133
Calculate the highest common divisor of 253 and 69.
23
Calculate the greatest common factor of 1050 and 2800.
350
What is the highest common factor of 924 and 1680?
84
Calculate the greatest common divisor of 26406 and 162.
162
What is the highest common divisor of 214 and 107?
107
Calculate the highest common factor of 255 and 145.
5
Calculate the highest common divisor of 10560 and 330.
330
Calculate the greatest common factor of 684 and 540.
36
What is the greatest common factor of 66 and 6?
6
Calculate the highest common factor of 11530 and 10.
10
Calculate the highest common factor of 246 and 12.
6
What is the greatest common divisor of 1281 and 21?
21
Calculate the highest common factor of 200 and 150.
50
Calculate the greatest common factor of 102 and 12750.
102
What is the highest common divisor of 25 and 17275?
25
What is the highest common divisor of 13 and 3588?
13
What is the highest common factor of 840 and 105?
105
Calculate the greatest common factor of 1183 and 3042.
169
What is the highest common factor of 5 and 80?
5
Calculate the greatest common factor of 288 and 54.
18
Calculate the greatest common factor of 2285 and 19651.
457
What is the highest common divisor of 33297 and 33?
33
What is the greatest common factor of 31 and 4867?
31
What is the highest common factor of 15507 and 9?
9
What is the highest common factor of 297 and 11187?
99
What is the highest common divisor of 77 and 55?
11
What is the greatest common factor of 34 and 2176?
34
Calculate the greatest common divisor of 14 and 322.
14
What is the greatest common divisor of 128 and 17104?
16
Calculate the greatest common divisor of 32 and 3